{"id":20,"date":"2023-01-17T19:58:38","date_gmt":"2023-01-18T00:58:38","guid":{"rendered":"http:\/\/localhost\/wordpress\/?page_id=20"},"modified":"2023-01-31T15:59:02","modified_gmt":"2023-01-31T20:59:02","slug":"inicio","status":"publish","type":"page","link":"https:\/\/ecommerce.sys-group.net\/wordpress\/","title":{"rendered":"inicio"},"content":{"rendered":"\t\t<div data-elementor-type=\"wp-page\" data-elementor-id=\"20\" class=\"elementor elementor-20\">\n\t\t\t\t\t\t<section class=\"elementor-section elementor-top-section elementor-element elementor-element-7c0a01e0 elementor-section-content-middle elementor-reverse-mobile elementor-section-boxed elementor-section-height-default elementor-section-height-default\" data-id=\"7c0a01e0\" data-element_type=\"section\" data-settings=\"{&quot;background_background&quot;:&quot;classic&quot;}\">\n\t\t\t\t\t\t<div class=\"elementor-container elementor-column-gap-wide\">\n\t\t\t\t\t<div class=\"elementor-column elementor-col-33 elementor-top-column elementor-element elementor-element-4fb6cd07\" data-id=\"4fb6cd07\" data-element_type=\"column\">\n\t\t\t<div class=\"elementor-widget-wrap elementor-element-populated\">\n\t\t\t\t\t\t<div class=\"elementor-element elementor-element-7bb9c2 elementor-widget elementor-widget-text-editor\" data-id=\"7bb9c2\" data-element_type=\"widget\" data-widget_type=\"text-editor.default\">\n\t\t\t\t<div class=\"elementor-widget-container\">\n\t\t\t\t\t\t\t\t\t<p>Tienda online<\/p>\t\t\t\t\t\t\t\t<\/div>\n\t\t\t\t<\/div>\n\t\t\t\t<div class=\"elementor-element elementor-element-16ce5e84 elementor-widget elementor-widget-heading\" data-id=\"16ce5e84\" data-element_type=\"widget\" data-widget_type=\"heading.default\">\n\t\t\t\t<div class=\"elementor-widget-container\">\n\t\t\t\t\t<h3 class=\"elementor-heading-title elementor-size-default\">Encuentra aqu\u00ed los mejores herrajes y accesorios para tus muebles.<\/h3>\t\t\t\t<\/div>\n\t\t\t\t<\/div>\n\t\t\t\t<div class=\"elementor-element elementor-element-3d4f2eaf elementor-widget elementor-widget-text-editor\" data-id=\"3d4f2eaf\" data-element_type=\"widget\" data-widget_type=\"text-editor.default\">\n\t\t\t\t<div class=\"elementor-widget-container\">\n\t\t\t\t\t\t\t\t\t<p>Env\u00edos gratis en productos seleccionados&nbsp;<\/p>\t\t\t\t\t\t\t\t<\/div>\n\t\t\t\t<\/div>\n\t\t\t\t<div class=\"elementor-element elementor-element-cd06773 elementor-widget elementor-widget-button\" data-id=\"cd06773\" data-element_type=\"widget\" data-widget_type=\"button.default\">\n\t\t\t\t<div class=\"elementor-widget-container\">\n\t\t\t\t\t\t\t\t\t<div class=\"elementor-button-wrapper\">\n\t\t\t\t\t<a class=\"elementor-button elementor-button-link elementor-size-sm\" href=\"https:\/\/ecommerce.sys-group.net\/wordpress\/tienda\/\">\n\t\t\t\t\t\t<span class=\"elementor-button-content-wrapper\">\n\t\t\t\t\t\t\t\t\t<span class=\"elementor-button-text\">Haz clic aqu\u00ed<\/span>\n\t\t\t\t\t<\/span>\n\t\t\t\t\t<\/a>\n\t\t\t\t<\/div>\n\t\t\t\t\t\t\t\t<\/div>\n\t\t\t\t<\/div>\n\t\t\t\t\t<\/div>\n\t\t<\/div>\n\t\t\t\t<div class=\"elementor-column elementor-col-66 elementor-top-column elementor-element elementor-element-7e5ece37\" data-id=\"7e5ece37\" data-element_type=\"column\">\n\t\t\t<div class=\"elementor-widget-wrap elementor-element-populated\">\n\t\t\t\t\t\t<div class=\"elementor-element elementor-element-39d71071 elementor-widget elementor-widget-image\" data-id=\"39d71071\" data-element_type=\"widget\" data-widget_type=\"image.default\">\n\t\t\t\t<div class=\"elementor-widget-container\">\n\t\t\t\t\t\t\t\t\t\t\t\t\t\t\t<img fetchpriority=\"high\" decoding=\"async\" width=\"1920\" height=\"1080\" src=\"https:\/\/ecommerce.sys-group.net\/wordpress\/wp-content\/uploads\/2023\/01\/D_NQ_NP_843277-MLA46335962404_062021-OO.webp\" class=\"attachment-full size-full wp-image-29\" alt=\"\" srcset=\"https:\/\/ecommerce.sys-group.net\/wordpress\/wp-content\/uploads\/2023\/01\/D_NQ_NP_843277-MLA46335962404_062021-OO.webp 1920w, https:\/\/ecommerce.sys-group.net\/wordpress\/wp-content\/uploads\/2023\/01\/D_NQ_NP_843277-MLA46335962404_062021-OO-300x169.webp 300w, https:\/\/ecommerce.sys-group.net\/wordpress\/wp-content\/uploads\/2023\/01\/D_NQ_NP_843277-MLA46335962404_062021-OO-1024x576.webp 1024w, https:\/\/ecommerce.sys-group.net\/wordpress\/wp-content\/uploads\/2023\/01\/D_NQ_NP_843277-MLA46335962404_062021-OO-768x432.webp 768w, https:\/\/ecommerce.sys-group.net\/wordpress\/wp-content\/uploads\/2023\/01\/D_NQ_NP_843277-MLA46335962404_062021-OO-1536x864.webp 1536w, https:\/\/ecommerce.sys-group.net\/wordpress\/wp-content\/uploads\/2023\/01\/D_NQ_NP_843277-MLA46335962404_062021-OO-600x338.webp 600w\" sizes=\"(max-width: 1920px) 100vw, 1920px\" \/>\t\t\t\t\t\t\t\t\t\t\t\t\t\t\t<\/div>\n\t\t\t\t<\/div>\n\t\t\t\t\t<\/div>\n\t\t<\/div>\n\t\t\t\t\t<\/div>\n\t\t<\/section>\n\t\t\t\t<\/div>\n\t\t","protected":false},"excerpt":{"rendered":"<p>Tienda online Encuentra aqu\u00ed los mejores herrajes y accesorios para tus muebles. Env\u00edos gratis en productos seleccionados&nbsp; Haz clic aqu\u00ed<\/p>\n","protected":false},"author":1,"featured_media":0,"parent":0,"menu_order":0,"comment_status":"closed","ping_status":"closed","template":"","meta":{"site-sidebar-layout":"no-sidebar","site-content-layout":"page-builder","ast-global-header-display":"","ast-main-header-display":"","ast-hfb-above-header-display":"","ast-hfb-below-header-display":"","ast-hfb-mobile-header-display":"","site-post-title":"disabled","ast-breadcrumbs-content":"","ast-featured-img":"disabled","footer-sml-layout":"","theme-transparent-header-meta":"","adv-header-id-meta":"","stick-header-meta":"","header-above-stick-meta":"","header-main-stick-meta":"","header-below-stick-meta":"","footnotes":""},"class_list":["post-20","page","type-page","status-publish","hentry"],"_links":{"self":[{"href":"https:\/\/ecommerce.sys-group.net\/wordpress\/wp-json\/wp\/v2\/pages\/20","targetHints":{"allow":["GET"]}}],"collection":[{"href":"https:\/\/ecommerce.sys-group.net\/wordpress\/wp-json\/wp\/v2\/pages"}],"about":[{"href":"https:\/\/ecommerce.sys-group.net\/wordpress\/wp-json\/wp\/v2\/types\/page"}],"author":[{"embeddable":true,"href":"https:\/\/ecommerce.sys-group.net\/wordpress\/wp-json\/wp\/v2\/users\/1"}],"replies":[{"embeddable":true,"href":"https:\/\/ecommerce.sys-group.net\/wordpress\/wp-json\/wp\/v2\/comments?post=20"}],"version-history":[{"count":47,"href":"https:\/\/ecommerce.sys-group.net\/wordpress\/wp-json\/wp\/v2\/pages\/20\/revisions"}],"predecessor-version":[{"id":145,"href":"https:\/\/ecommerce.sys-group.net\/wordpress\/wp-json\/wp\/v2\/pages\/20\/revisions\/145"}],"wp:attachment":[{"href":"https:\/\/ecommerce.sys-group.net\/wordpress\/wp-json\/wp\/v2\/media?parent=20"}],"curies":[{"name":"wp","href":"https:\/\/api.w.org\/{rel}","templated":true}]}}